*n - 2 = 42. Calculate the greatest common factor of p and n.
11
Let l(r) = -r**2 + 7*r + 11. Let f be l(8). What is the greatest common divisor of 21 and f?
3
Let c be 9/6 + -1 + (-126)/(-12). Calculate the greatest common factor of c and 11.
11
Let l be (-1420)/(-15) + 2/6. Suppose -3*p = z - 79, -3*p - 6*z + z = -l. Calculate the greatest common divisor of p and 5.
5
Let m = -16 - -16. Suppose 4*o - a - 27 = m, 0*a + 19 = 3*o - a. Calculate the highest common divisor of 48 and o.
8
Suppose 5*t = -5*i + 905, 0 = 4*t - 6*t + 2*i + 366. Calculate the highest common divisor of 26 and t.
26
Suppose -33 - 47 = -8*l. Let x = -4 + 9. Calculate the highest common factor of x and l.
5
Let f(o) = -9*o. Let b be f(-1). Let z = 4 + 1. Suppose -763 + 268 = -z*y. What is the greatest common divisor of y and b?
9
Let p = -61 - -103. Let h be (144/p)/((-2)/(-14)). Let b(z) = -10*z - 4. Let w be b(-4). What is the highest common factor of h and w?
12
Let q = 34 + -17. Calculate the greatest common factor of q and 17.
17
Suppose -1 - 1 = -x, -x + 200 = 3*z. Suppose h - s = 3*s + 24, -2*h = -2*s - 78. Calculate the greatest common divisor of z and h.
22
Suppose 0 = -p - p + 78. What is the greatest common divisor of 13 and p?
13
Suppose 0 = -5*c + c + 764. Suppose c = 5*g - 0*g - 3*o, -15 = -5*o. What is the highest common divisor of g and 5?
5
Let u(w) = w - 10. Let f be u(19). What is the greatest common factor of 1 and f?
1
Let h = 9 - 4. Let a(x) = 2*x + 6. Let n be a(h). Calculate the greatest common factor of n and 48.
16
Suppose 0 = -28*l + 31*l - 54. Calculate the highest common factor of l and 63.
9
Let o be 20*(1/(-8))/((-4)/16). Calculate the highest common factor of o and 5.
5
Let t be ((-2)/4)/((-8)/432). What is the highest common divisor of t and 36?
9
Suppose -3*a + 8 = -13. What is the greatest common factor of 77 and a?
7
Let y(d) = d**3 - 4*d + 1. Let a = 2 + 2. Let h be ((-8)/12)/(a/(-18)). Let q be y(h). Calculate the highest common factor of 112 and q.
16
Let d = -1 + 2. Let s be 23 + d*(-1)/(-1). Let w be (-4)/(-4 - 210/(-54)). Calculate the greatest common divisor of w and s.
12
Let w be 0/(4/(-2) - 1). Suppose w = -2*y + 18 - 0. What is the highest common factor of y and 81?
9
Suppose -7*p + 4*p + 36 = 0. What is the highest common divisor of 108 and p?
12
Let c(g) = -g - 6. Let v be c(-5). Let s(d) = -3*d. Let z be s(v). Suppose 3*w + z = 4*w. What is the highest common divisor of w and 3?
3
Let z be 3/(140/32 - 4). Calculate the greatest common factor of z and 2.
2
Let t be (-2)/((-20)/6)*5. Let x be 0/t - 72/2. Let h = 58 + x. What is the highest common divisor of h and 55?
11
Suppose -4*p + 20 = p. Let z be (2/p)/((-2)/(-24)). Let f = z - -8. What is the greatest common divisor of f and 2?
2
Let n(v) = 5*v**2 + 1. Let a be n(1). Suppose -4*b + 4*c + 208 = 0, b - a*c - 58 = -2*c. Suppose 2*i + 2 = 22. Calculate the greatest common divisor of b and i.
10
Let n be (6 + 464/(-24))*-2*6. Calculate the greatest common factor of n and 20.
20
Let q = -44 + 86. What is the greatest common factor of 14 and q?
14
Let f be -4*(-2 + 1) - 2. Suppose 0 = -l + 3 + 11. What is the highest common divisor of f and l?
2
Let p(z) = z**3 - 6*z**2 - 7*z + 3. Let w be p(7). What is the highest common divisor of w and 27?
3
Suppose 0 = -4*u - 4*x + 178 + 114, x + 71 = u. What is the greatest common divisor of u and 9?
9
Let p = -5 + 6. Calculate the highest common factor of 5 and p.
1
Suppose 0 = 5*a - 4*r - 127, -2*a + 4*a + 3*r = 60. What is the greatest common factor of a and 9?
9
Suppose -4*h + 21 + 11 = 0. Let c be 26/4*(16 - h). What is the highest common factor of 26 and c?
26
Let o be (-35394)/(-221) - (-6)/(-39). Calculate the greatest common factor of 96 and o.
32
Let u be (-1 + (0 - 0))*-7. Calculate the highest common divisor of 63 and u.
7
Let c(l) = 4*l + 2. Let t be c(5). Calculate the greatest common divisor of t and 198.
22
Let c(r) = -8*r + 4. Let y be c(-3). What is the greatest common factor of y and 140?
28
Suppose -3*m + 231 = 4*m. Calculate the highest common factor of m and 33.
33
Suppose -55 = -7*d + 2*d. Calculate the greatest common divisor of 121 and d.
11
Suppose -5*h + 272 = 3*k - 107, -2*h - 4*k + 146 = 0. Calculate the highest common factor of h and 11.
11
Suppose 112 = 7*g - 0. What is the highest common factor of 48 and g?
16
Let m(l) = -l**2 - 6*l + 3. Let y be m(-6). Suppose 24 = 2*t - q + 3*q, 20 = y*t - 5*q. What is the greatest common divisor of t and 2?
2
Let n(u) = 17*u + 110. Let a be n(-6). Let p be 2/(1 + 2 + -2). What is the greatest common factor of a and p?
2
Suppose -t + 3*b + 116 = 6*b, -5*t + 628 = -b. What is the highest common factor of t and 25?
25
Let h(r) = 3*r**3 - 4*r**2 + 3*r - 2. Let o be h(2). Let c be 2/6 - (-32)/12. Suppose -118 = -c*w + 26. Calculate the highest common divisor of o and w.
12
Let p be (-3)/(-4) - 77/(-4). Let u(y) = y**3 + y + 10. Suppose -5*n = -4*n. Let f be u(n). What is the greatest common factor of f and p?
10
Suppose 0*c + 35 = 5*b + c, 26 = 2*b - 2*c. Let p be 17/(12/b + -1). What is the greatest common factor of 17 and p?
17
Let h = 191 - 135. Calculate the greatest common divisor of h and 8.
8
Suppose 0 = 7*c - 2*c - 200. Let p be (-4)/(-3)*(-45)/(-6). Suppose -p*h = -11*h + 10. Calculate the highest common factor of h and c.
10
Let i(w) be the second derivative of w**4/12 - 5*w**3/6 + 2*w**2 + 2*w. Let o be i(5). Suppose -o*n + n = -6. What is the greatest common factor of 2 and n?
2
Let h = -58 - -97. What is the highest common divisor of 117 and h?
39
Let g(n) = -n**3 - n + 4. Let y be g(0). Suppose 12 = -0*r + y*r. Calculate the greatest common divisor of 24 and r.
3
Let i be (0 + -2 - -3)*0. Suppose i = 3*r - r - 12. Suppose -3*a = 3*v - 36, -r*v = -4*a - v + 39. Calculate the highest common divisor of 121 and a.
11
Let a = 82 - -58. Calculate the greatest common divisor of 28 and a.
28
Suppose 4*s - 4*o = 600, -2*s - 3*o + 291 = -2*o. Calculate the greatest common factor of 21 and s.
21
Let p = 46 + -34. Calculate the highest common factor of p and 4.
4
Suppose 4*n = 36 - 4. Calculate the greatest common factor of 40 and n.
8
Suppose -7*w + 5*w = -14. Let t be (-1)/(-3) - 40/(-6). Calculate the greatest common divisor of w and t.
7
Let i = -2 + 7. Suppose 175 - 55 = i*l. Calculate the highest common factor of 3 and l.
3
Let k(i) = -i**2 - 5*i + 2. Let v be k(-6). Let d be (-5 + 3)*10/v. Calculate the highest common factor of 40 and d.
5
Suppose -3*b - b = -40. Let d(a) = a**3 - a**2 + 3*a - 1. Let r be d(1). What is the highest common divisor of r and b?
2
Suppose -2*y - 38 = -4*y. Let p = y - 2. Calculate the greatest common factor of 136 and p.
17
Let m(f) = -12*f - 4. Let c be m(-1). What is the highest common divisor of 20 and c?
4
Suppose 0 = s + 6 - 39. Let c = s - 18. Let g be 0/(-1) - 5*-9. What is the greatest common factor of c and g?
15
Suppose -3*a = -15, 0*w + 160 = 2*w - 2*a. What is the highest common divisor of 17 and w?
17
Suppose -4*a = p - 16, 3*a - 4*p = -4 - 3. Let j(o) = -4*o - 15. Let n be j(-9). What is the greatest common factor of a and n?
3
Let h(l) = -7 - 2*l + 6*l + 3 + 0. Let z be h(4). Let m = 22 + -10. Calculate the greatest common divisor of z and m.
12
Suppose 0 = 4*o + 3*s - 146 - 48, -s - 102 = -2*o. Suppose 5*q - 154 = -54. Calculate the highest common divisor of o and q.
10
Let s be (-9)/((1 - 0)*-1). Suppose -12*r + 6*r + 216 = 0. Calculate the greatest common divisor of s and r.
9
Suppose v + v + 3*r + 12 = 0, 2*v = -4*r - 8. Let a = 8 - v. Calculate the greatest common divisor of 50 and a.
10
Suppose -3*v = 3*s - 10 - 32, -86 = -5*s + 3*v. Let x = -41 + 28. Let d = x + 29. What is the highest common divisor of d and s?
16
Let t = -101 - -65. Let l = -7 - -20. Let a = l - t. Calculate the highest common factor of a and 7.
7
Suppose 2*f = 384 + 160. Suppose -3*m = -s - 4*s - 190, -4*m + 2*s = -f. What is the greatest common divisor of m and 14?
14
Let w(k) = k**3 - 4*k**2 - 4*k + 7. Let f be w(5). Calculate the greatest common divisor of f and 108.
12
Suppose 0 = 3*f - 12, 3*f + 0 + 8 = 5*u. Calculate the highest common factor of u and 12.
4
Let b = -43 - -45. Calculate the greatest common factor of 2 and b.
2
Suppose h 